mposite number?
False
Let a(r) = -137*r - 1 - 108*r - 49*r. Is a(-1) a prime number?
True
Let b be 147/9 + (-4)/(-6). Suppose -b = -4*d + 7. Is (28/12)/(2/d) composite?
False
Let c be 0/(-2)*(-1 + 2). Suppose c = 4*y - 6*y + 4. Suppose 592 = 4*t - y*j, 0 = t - 5*t - j + 598. Is t a prime number?
True
Suppose 4*c - 5*n - 513 = 0, 0 = -3*c + 2*n - 209 + 592. Suppose 561 = 4*b - c. Suppose -5*j = 2*p - b, 2*j - 445 = -5*p - 3*j. Is p prime?
False
Suppose 5*i - 1876 = 5834. Suppose -4*m + 4 = 0, 2*x - 5*x + 3*m + i = 0. Is x a prime number?
False
Let w = 8 + -7. Is w + (-7)/(7/(-262)) a prime number?
True
Let y(h) = 2*h + 1. Suppose 2*p - f = 7, 3*p = 2*p - 2*f - 4. Let q be y(p). Let w(r) = 2*r. Is w(q) a composite number?
True
Let v be (1 - 3/1) + -2. Let a = v + 6. Suppose a*p + 18 = 5*p. Is p prime?
False
Let a = 23 - 6. Let m be (13/2)/((-3)/(-18)). Let d = m - a. Is d a composite number?
True
Let l(i) = 7*i**2 - 11*i. Let n(r) = 11*r**2 - 17*r. Let t(a) = -8*l(a) + 5*n(a). Let v be t(3). Suppose -23 = -v*m - m. Is m a prime number?
True
Let n(o) = -14*o + 10. Let w(c) = 13*c - 10. Let v(t) = 4*n(t) + 3*w(t). Is v(-5) composite?
True
Suppose -5*m + 10 = 0, -3*o + 0*m + 2*m = -89. Is o a prime number?
True
Let s = -19 - -78. Is s prime?
True
Let n(i) = -3*i**3 + i**3 + 2*i**2 - 6*i**2 - 2 + 7*i. Suppose -25 = 4*z + x, -5*z + 4 - 24 = -x. Is n(z) prime?
True
Suppose 5*g + 515 = 6110. Suppose 13*b = 16*b - g. Is b a prime number?
True
Let z = 3603 + -1664. Is z a prime number?
False
Suppose 0*q - 68 = -q. Suppose -4*y - 2*g + g + 133 = 0, -2*y + q = 2*g. Is y prime?
False
Is (-10 + 13)/((-6)/(-502)) a composite number?
False
Suppose -588 + 2107 = 7*r. Is r a prime number?
False
Let v = 3 - 1. Let i(l) = 21*l**2 + l - 1. Is i(v) a prime number?
False
Let t(p) = 16*p**2 + 7*p - 4. Is t(-15) prime?
True
Let v(z) = -z**3 - 8*z**2 - 8*z. Let s be (-22*2/(-4))/1. Let i = s - 18. Is v(i) prime?
True
Suppose -3*r - 43 = -2*c, -5*r = -4*c + 35 + 50. Let i = 8 + -13. Is i/c - 666/(-8) composite?
False
Let h = -694 + 1608. Is h a composite number?
True
Let y be 1/(3 + (-5 - -1)). Is ((300 + -2)/y)/(-2) a prime number?
True
Let q(s) = 1. Let k(w) = 78*w**2 + 2*w + 3. Let x(i) = k(i) - 4*q(i). Is x(-2) prime?
True
Suppose 5*n + 4*a = 7, -4 = -3*n + 3*a + 11. Suppose n*o = 2*o + 160. Suppose -3*f + x + 111 = -o, -2*f - 4*x + 162 = 0. Is f a prime number?
True
Suppose 0 = g - 1 + 2. Let p(u) = 2*u + 6. Let b be p(-5). Is g/b - 7/(-4) a prime number?
True
Let l(o) = 23*o. Let q be l(3). Suppose -5*j + 2*j + q = 0. Is j prime?
True
Let u(a) = -870*a**3 - a**2 - a + 1. Is u(-1) a composite number?
True
Let n(h) = -h**3 + 9*h**2 - 8*h - 1. Is n(6) composite?
False
Let j be ((-2)/7)/(2/(-14)). Let q(v) = -2*v + v**3 + 0*v**2 - 7*v**2 - j*v + 3*v + 10. Is q(7) composite?
False
Let u = -9 - -105. Let p = u - 41. Is p a prime number?
False
Let b(p) = 2*p**2 - 7*p. Is b(-5) a prime number?
False
Let c = -85 + 194. Is c prime?
True
Suppose j - y - 5 = 0, -3*y + 4 - 1 = 3*j. Suppose 0 = 4*s + j*b - 1330, 4*b = s - 348 + 25. Is s a prime number?
True
Let g = 7 + -2. Suppose 33 = g*q - 37. Let k = q - -32. Is k a prime number?
False
Let g = 176 + -102. Is g a composite number?
True
Suppose -z + 3*z = 3*m - 1, -4*z + 16 = 0. Suppose 96 = 6*h - m*h. Is 9/4*h/12 a prime number?
False
Let c(f) = -f**2 - 6*f + 11. Let i be c(-8). Let w = 9 + i. Suppose w*z - 149 = 3*g, 3*g + 187 = 3*z + 2*z. Is z a composite number?
True
Suppose 0 = 10*f - 6*f - 124. Let n = f - 20. Is n prime?
True
Suppose 3*r - 4*q - 1993 = -0*q, r - 679 = 5*q. Is r prime?
True
Let i = -180 - -307. Is i composite?
False
Suppose -5*m - 35 = w, -8 = -3*m + m + 4*w. Is m/(-27) + (-187)/(-9) prime?
False
Let r(l) = -l**2 - 11*l - 8. Let a be r(-10). Suppose 207 = a*b + 3*d + 44, 5*d + 139 = 2*b. Is b prime?
False
Suppose -d - 3*i - 10 = 0, d = -i - 4 + 2. Let k(x) = 4*x - 5. Let r be k(5). Suppose r = d*u + 3*u. Is u prime?
True
Suppose 2*j + 5*y - 181 = 0, -y + 159 = 2*j - 10. Is j a prime number?
True
Suppose 0 = 4*j + 12 - 4. Let o = -2 - j. Suppose 0 = 4*r - 0*v - 4*v - 128, -2*r + v + 69 = o. Is r a prime number?
True
Let m = 10 - 7. Suppose 3*c = -2*c - 3*p + 221, -4*c - 3*p = -178. Suppose 3*a - c = 2*a + m*q, -a + 5*q = -51. Is a a composite number?
False
Suppose -3*f + s + 590 + 163 = 0, -5*f = 2*s - 1255. Is f a composite number?
False
Suppose 3*n + 1328 = 5*m, n + 2*n = -2*m + 527. Is m a composite number?
True
Suppose 5*o = 3*i - 12, 0 = 3*i - 0*i - 2*o - 12. Let y(l) be the first derivative of l**4/2 - l**3 + l**2/2 - 5*l - 1. Is y(i) a prime number?
True
Let f be -3 - 1/(-1) - -96. Suppose 5*m - 5 = 0, -55 = y - 0*y + 2*m. Let i = y + f. Is i prime?
True
Let r(w) be the third derivative of w**5/30 - w**3/3 - w**2. Is r(2) composite?
True
Let a(v) = v**3 + 5*v**2 - 6*v + 6. Let h be a(-6). Let s(o) = -11*o - 2. Let z be s(h). Let c = z + 105. Is c a composite number?
False
Is 7721/49 - 4/7 composite?
False
Let i = -214 + 347. Is i a prime number?
False
Suppose 0 = f + 2*m - 2 - 1, 0 = 5*f + 5*m + 5. Let d = -3 - f. Suppose -z - d*z + 249 = 0. Is z composite?
False
Let m(q) = 28*q**2 + 2*q - 1. Let j be m(4). Suppose -2*l + j = 3*l. Is l a prime number?
False
Suppose -g = 176 + 151. Let j(s) = -4*s - 3. Let n be j(-1). Is (g + n)*(-2)/4 prime?
True
Let l be (-4 - (-2 - 0)) + 2. Let h = 4 - l. Suppose -61 = -h*b + 167. Is b composite?
True
Let b(g) = -g**2 - g + 72. Let i be b(0). Let a be (0 + i)*(-8)/(-12). Let m = a + -29. Is m prime?
True
Let r be (604 - 4) + 4 + 0. Let n = r + -257. Is n composite?
False
Suppose 0 = 2*m - m, 0 = 5*f + 2*m + 210. Is f/4*(-106)/3 composite?
True
Let x(q) = -q**2 + 16*q - 7. Let h(o) be the first derivative of o**3/3 - 5*o**2 - o + 3. Let g be h(11). Is x(g) prime?
True
Suppose -x + 5*z = x - 7337, 14679 = 4*x - 5*z. Is x a prime number?
True
Let c = 157 - 103. Is (2 - (-9)/(-3)) + c a composite number?
False
Let c = 328 - 11. Is c a composite number?
False
Suppose -3*b + 1189 = -902. Is b composite?
True
Suppose -3*n - 2*y + 126 = -5*y, -5*y - 122 = -3*n. Let a = 9 + n. Is a composite?
False
Let g = -3 + 9. Suppose 4*r - 2*z - 856 = -g*z, 4*r + 5*z = 861. Is r composite?
True
Let l be -1 - (-1 + (-4)/2). Suppose -l*o - 2*o + 735 = -5*b, -205 = -o - 3*b. Is o*1 + 4/4 a composite number?
False
Suppose 6 + 0 = -2*g. Let p = 9 - 5. Let a = p - g. Is a a prime number?
True
Suppose c = -0*c + 4*k - 1, k = -3*c + 10. Suppose -c*i = p - 27, 4*i - 44 = -0*i - 4*p. Suppose -2*y + 21 + i = -3*m, -5*y - 5*m = -10. Is y prime?
True
Suppose 4*n - 22 = 3*b + 24, 0 = 4*b - 5*n + 62. Let w = 105 - b. Is w composite?
True
Let s be (12/8)/(9/24). Suppose -s*b + 1748 = -0*b. Is b a prime number?
False
Let d(c) = c**2 + c + 2. Is d(-5) a prime number?
False
Suppose -n + b - 3*b - 10 = 0, 0 = -3*n - b - 5. Suppose 3*v + n*k - 2*k = -2539, 4*k = 2*v + 1698. Is v/(-10) + 2/4 a prime number?
False
Let u(d) = -d**3 + 12*d**2 - 11*d - 11. Let a be u(11). Let k(q) = -8*q - 11. Is k(a) a prime number?
False
Suppose 4*k = 3*g - 5712, 5*k + 4*g + 7140 = 3*g. Is k/(-10) + 1/5 a composite number?
True
Is (-49 - -50)*(0 - -690 - -1) a composite number?
False
Let z(k) = 3*k**3 + 10*k**2 - 12*k + 22. Is z(7) a prime number?
False
Let v(k) = 19*k**2 + 6*k + 12. Is v(7) a composite number?
True
Let o = 576 + -323. Is o a prime number?
False
Suppose y = -2*y - 2*g + 6, -3*g - 2 = -y. Suppose -22 = -y*o + 2. Suppose -5*t + t = -3*w + 211, 3*t = -o. Is w composite?
True
Let t be 0 + 0 + (-115)/1. Let q = 44 - t. Is q a prime number?
False
Let x(q) = 366*q + 1. Is x(2) a prime number?
True
Suppose -3*q = -2*r - 355, -5*r - 470 = -4*q - 3*r. Let p = -53 + q. Is p a prime number?
False
Is (-2 + 3849)/((-1)/(-1)) a composite number?
False
Let i(b) = -55*b**2 + b - 1. Let d be i(1). Let g = -96 - d. Let w = -19 - g. Is w prime?
False
Let t be 0 - (-5 - 1 - -2). Suppose 4*j - 4*l + 1 = 3*j, -10 = -t*j + 2*l. Suppose 0 = -0*f - j*f + 30. Is f a composite number?
True
Let j(z) = 81*z - 17. Let f be j(7). Let q = -369 + f. Is q prime?
True
Suppose p - 2 = 3. Suppose p*l = -57 + 542. Is l composite?
False
Let q(t) be the second derivative of t**7/630 - t**6/180 - t**5/120 - t**4/6 + t. Let b(u) be the third der